8 + 1d2?
39
In base 10, what is -105585 + -37?
-105622
In base 16, what is -12cd2 + -3?
-12cd5
In base 2, what is 1 - -11111100000011011?
11111100000011100
In base 2, what is -100 + -111101000111000111?
-111101000111001011
In base 8, what is -40 + -30034?
-30074
In base 13, what is 2b360 - 4?
2b359
In base 6, what is -441000 - 3?
-441003
In base 13, what is -26b + -36?
-2a4
In base 15, what is -39 + 47e?
445
In base 8, what is -1513125 + -10?
-1513135
In base 2, what is 101 + -10011010011?
-10011001110
In base 11, what is -671a8 - -2?
-671a6
In base 3, what is 1 - -212021012102?
212021012110
In base 8, what is -27 - 7501?
-7530
In base 15, what is 2a + 2909?
2934
In base 4, what is -2113110 + 10311?
-2102133
In base 5, what is 11321301 - -11?
11321312
In base 9, what is -81 + -2841?
-3032
In base 2, what is 111000101101 - 11110100?
110100111001
In base 6, what is -11022 - 3100?
-14122
In base 9, what is -238740 + 4?
-238735
In base 5, what is 33130 + -241?
32334
In base 3, what is 1011101002 - -12?
1011101021
In base 5, what is -2342421 - -22?
-2342344
In base 11, what is 0 - 2805a?
-2805a
In base 6, what is -32 + 34203?
34131
In base 12, what is -338a + -8?
-3396
In base 9, what is -3745077 + 0?
-3745077
In base 13, what is -3 + 229c?
2299
In base 3, what is 11201102200 - 10?
11201102120
In base 15, what is 2 + -74169?
-74167
In base 4, what is 123 - -32220102?
32220231
In base 15, what is -26e186 - -4?
-26e182
In base 14, what is a - -323?
32d
In base 14, what is -1467 + -23?
-148a
In base 12, what is 0 - 9578?
-9578
In base 6, what is 555 - -314?
1313
In base 4, what is 31302333 + 2?
31303001
In base 12, what is a - -3480?
348a
In base 11, what is -4 + 666995?
666991
In base 4, what is -13130 - -23132?
10002
In base 9, what is 26365 + -2?
26363
In base 10, what is 2 + 71240?
71242
In base 13, what is -6b04 - -49?
-6a88
In base 3, what is -20012111220111 + 2?
-20012111220102
In base 16, what is -706 - -1e0?
-526
In base 16, what is -815 - -12?
-803
In base 15, what is -40c3 - 8?
-40cb
In base 6, what is -4 - -55322?
55314
In base 3, what is -10 + -122021210100?
-122021210110
In base 7, what is 663413 - -1?
663414
In base 2, what is -1101011110110 - 100?
-1101011111010
In base 15, what is -e3 + -116?
-209
In base 2, what is -10 - 101000010001111?
-101000010010001
In base 7, what is 2 + -2332?
-2330
In base 16, what is -2 - 3034?
-3036
In base 9, what is -31 - 215?
-246
In base 4, what is 22131221 + -2?
22131213
In base 11, what is 13a5 - 59?
1347
In base 12, what is 283 - 105?
17a
In base 3, what is 10 + 10122012201?
10122012211
In base 11, what is -35 - -1769?
1734
In base 9, what is 6827 - -28?
6856
In base 13, what is -10598 + c?
-10589
In base 8, what is 12114 - -12?
12126
In base 9, what is -128 - -12?
-116
In base 10, what is -2 - 4296?
-4298
In base 15, what is 28e - 1c9?
b5
In base 12, what is -8378a + 5?
-83785
In base 7, what is -1530 + 10?
-1520
In base 12, what is -24 - 7a5?
-809
In base 10, what is -3366 + -61?
-3427
In base 4, what is -20001 - -3?
-13332
In base 6, what is 4 - -1145053?
1145101
In base 12, what is 1b0 - 2b97?
-29a7
In base 14, what is 410c5 + -1?
410c4
In base 13, what is 2955 - -3a?
2992
In base 7, what is -15450542 - 4?
-15450546
In base 6, what is 5241252 - 42?
5241210
In base 12, what is 2017 - 46?
1b91
In base 2, what is 11010010100010101 + -101?
11010010100010000
In base 10, what is -4 + 21444?
21440
In base 16, what is 4 + 15c07?
15c0b
In base 5, what is -41 + 144241?
144200
In base 2, what is -1001101101001111100 + 100?
-1001101101001111000
In base 8, what is -4243 - -56?
-4165
In base 4, what is 30000021 + -203?
23333212
In base 14, what is -57b + 19?
-562
In base 4, what is -2123031320 - -10?
-2123031310
In base 15, what is 4 - 17e1?
-17dc
In base 14, what is -97d - -28?
-955
In base 12, what is 16b + 10a3?
1252
In base 5, what is 20033 + 1044?
21132
In base 7, what is -26341 - 0?
-26341
In base 4, what is 1033 - 1202022?
-1200323
In base 2, what is 100010110000 + -100011?
100010001101
In base 6, what is 3 + -12112534?
-12112531
In base 10, what is 6 + 2439?
2445
In base 7, what is -1435250 + 4?
-1435243
In base 7, what is -24 - 5424?
-5451
In base 7, what is 65 + -63606?
-63511
In base 14, what is a452 - -5?
a457
In base 11, what is -194 - 1494?
-1678
In base 14, what is 5aa - 17?
593
In base 4, what is -12 - -21103232?
21103220
In base 16, what is -bd3f - -4?
-bd3b
In base 3, what is 22110 - 1102011?
-1002201
In base 2, what is -11001101 - -100100101001?
100001011100
In base 6, what is 4 - -223032?
223040
In base 5, what is 11321023 + 0?
11321023
In base 4, what is -23 + 32310312?
32310223
In base 13, what is -8a927 - 0?
-8a927
In base 8, what is -16250 + 122?
-16126
In base 7, what is 362251 - 1?
362250
In base 3, what is 102 - 1011102022?
-1011101220
In base 2, what is 1000011011101101011000 - -10?
1000011011101101011010
In base 15, what is 2094d + 5?
20953
In base 8, what is 0 - 11351?
-11351
In base 15, what is 1 - -ca24b?
ca24c
In base 9, what is 3 + 14603?
14606
In base 5, what is 213103 - 3404?
204144
In base 2, what is -101101111001 + 10010?
-101101100111
In base 14, what is 4138 + 1?
4139
In base 4, what is -22 - 211120?
-211202
In base 15, what is 139b6 + 6?
139bc
In base 10, what is 3797806 + 0?
3797806
In base 9, what is 11403 - -25?
11428
In base 4, what is -11 + -1032033?
-1032110
In base 13, what is -22a - 6?
-233
In base 8, what is -1302 - 2?
-1304
In base 14, what is -42 + 92c?
8ca
In base 11, what is 7 - 12576?
-1256a
In base 2, what is 110100001111 - 1111?
110100000000
In base 13, what is -4c7 - 41?
-538
In base 16, what is -6d + -51?
-be
In base 9, what is 334 - 51?
273
In base 8, what is -2763 + -30?
-3013
In base 13, what is -b5 - 1bb?
-2a3
In base 3, what is -20 - 112002202200?
-112002202220
In base 10, what is -40497 + 7?
-40490
In base 12, what is 79 + 542b?
54a8
In base 7, what is 5 - -2212462?
2212500
In base 11, what is -4635 - 12a?
-4764
In base 12, what is -1475a - 5?
-14763
In base 5, what is -32 + 2041444?
2041412
In base 15, what is 6ed7 - -5?
6edc
In base 15, what is 4b75 + 4?
4b79
In base 14, what is -b + 15b?
150
In base 11, what is -22a4478 + -3?
-22a4480
In base 10, what is 16 + -4395?
-4379
In base 2, what is 1010010000 - -1011000001?
10101010001
In base 2, what is 1000100 - -100110?
1101010
In base 6, what is -202 - -40124?
35522
In base 8, what is 3 + -260077?
-260074
In base 11, what is -11aa + -461?
-1660
In base 14, what is -71815 - 5?
-7181a
In base 3, what is 1000010012 + -20?
1000002222
In base 2, what is -10111101110100110 + -11?
-10111101110101001
In base 6, what is 323110 + 23?
323133
In base 7, what is 0 - 2421030?
-2421030
In base 14, what is -2 - 639b?
-639d
In base 2, what is -101 - 10110001101?
-10110010010
In base 15, what is e026 - 1?
e025
In base 13, what is -6 + 3c8?
3c2
In base 8, what is -3 + -1332222?
-1332225
In base 5, what is 33441103 + -3?
33441100
In base 5, what is 11142 + 44121?
110313
In base 3, what is -2220100100 + -2?
-2220100102
In base 2, what is 110011 - -1111000010?
1111110101
In base 13, what is 509 + 596?
aa2
In base 5, what is 1 + 3220333?
3220334
In base 8, what is 1355 + -22?
1333
In base 9, what is 1016 - -44?
1061
In base 16, what is 17 + -aac?
-a95
In base 10, what is -142 - -333?
191
In base 13, what is -634 + 584?
-80
In base 11, what is -23030 + 23?
-23008
In base 2, what is -11 + -10111000111110000?
-10111000111110011
In base 2, what is -10001001001011 - -1?
-10001001001010
In base 16, what is a1 + 2762?
2803
In base 4, what is -22 + 10230201?
10230113
In base 11, what is 1 - 330503?
-330502
In base 7, what is -3 + -326033?
-326036
In base 2, what is 100101101010 + 11?
100101101101
In base 16, what is 2 - -69387?
69389
In base 15, what is 80 - 724?
-694
In base 2, what is -1000 + 100000010111000111010?
100000010111000110010
In base 8, what is 6 - 6160?
-6152
In base 14, what is 250 + 1c?
26c
In base 15, what is -4a - -8e?
44
In base 10, what is -42813 + -16?
-42829
In base 10, what is 72635 - -13?
72648
In base 2, what is 1111010010101000101 + 11?
1111010010101001000
In base 7, what is 146525 + -205?
146320
In base 16, what is aa22 + 7?
aa29
In base 3, what is -12 - 10120100?
-10120112
In base 11, what is 16